e units digit of j?
0
Suppose -b = 5*v - 2*b + 1060, v = -3*b - 228. Let o = 326 + v. What is the units digit of o?
3
Suppose -2*w - 11 = -5*q - 0*w, -4*q + 10 = -w. Suppose 4*z + 4*k = k - 2, -5 = q*z + 4*k. What is the units digit of z?
1
Suppose 4*k - 94 + 343 = 3*c, k = 2*c - 61. What is the units digit of (k + 65)*((-7)/(-2))/1?
7
Suppose 18 = -2*x + 4*x. What is the units digit of (x/4)/(7/168)?
4
What is the hundreds digit of (-24)/28 + 4 + (-99828)/(-42)?
3
Let i(m) = 3*m**2 + 5*m + 40. What is the tens digit of i(-23)?
1
What is the units digit of 2/3 + -1 - (-5418140)/1365?
9
Let m(y) = 2*y**2 - 27*y + 16. Let v be m(11). Let u = 51 + v. What is the units digit of u?
2
Let b(w) = -426*w + 26. What is the tens digit of b(-6)?
8
Let a(t) = 39*t**3 - 2*t**2 - 3*t - 12. What is the hundreds digit of a(3)?
0
What is the units digit of 12 - ((-9)/27)/((-2)/30)?
7
Let n = -390 - -900. What is the hundreds digit of n?
5
Let k(p) = -p + 1. Let o(r) = -r**3 + 11*r**2 - 8*r - 13. Let v(c) = -3*k(c) - o(c). Let y = -5 - -15. What is the tens digit of v(y)?
2
Let w = -1 - -1. Let d(o) = 2*o - 2. Let j be d(3). Suppose w = 5*a - 3*a - 5*h - 24, -78 = -j*a - 5*h. What is the units digit of a?
7
Suppose 12 = -0*f + 2*f. Suppose -a + k = f*k - 14, 0 = a + 3*k - 8. What is the units digit of (-2)/6*(a + -20)?
7
Suppose -5*t + 3*t = -190. Let v = t + -68. Suppose -4*o - 28 + 10 = -5*x, 2*x - v = -5*o. What is the units digit of x?
6
Let b be 142/7 - 10/35. Suppose 4*k = b + 92. Suppose d - k = -d. What is the tens digit of d?
1
Let z = -6506 - -9699. What is the tens digit of z?
9
Let w(a) = -2*a**2 - 11*a + 4. Let j be w(-10). Let g be (-2)/(-3) + j/(-6). What is the units digit of ((-12)/g)/((-2)/60)?
4
Let m be (2/(-6))/((-5)/660). Let k = -23 + m. What is the tens digit of k?
2
Let r(v) = v - 8. Let h be r(26). Let a = 27 - h. What is the units digit of a?
9
Suppose -3*r = -2*a - 1510 - 7789, 0 = 2*r + 4*a - 6210. What is the tens digit of r?
0
Let k(j) = 4*j**2 + 14*j + 29. Let i be ((-6)/2)/((-11)/(-33)). What is the hundreds digit of k(i)?
2
Suppose 2*o - 36 + 8 = 0. Let l = o - 5. Suppose -2*j - j + s = -9, -3*j - s + l = 0. What is the units digit of j?
3
Let z(l) = -56*l + 1. What is the units digit of z(-6)?
7
Suppose -2*h - 16 + 0 = 0. Let z be (-1 + (-14)/h)*52. Suppose -n + y + 8 = -z, 0 = y - 5. What is the tens digit of n?
5
Let k(m) be the first derivative of m**2/2 - 8*m - 1. Suppose -2*j + 22 = -0*j. What is the units digit of k(j)?
3
Suppose 34*h - 18 = 37*h. Let a(d) = d**3 + 7*d**2 + 5*d + 5. What is the units digit of a(h)?
1
Let g(m) = 2*m - 4*m - 9*m - 3. What is the tens digit of g(-2)?
1
Suppose 9*t + 576 = 27. Let h = t + 89. What is the units digit of h?
8
Let g(x) = 2*x**3 - 122*x**2 + 125*x + 55. What is the tens digit of g(60)?
5
Suppose -17*r = -22*r. Suppose r*w + 10*w - 1580 = 0. What is the tens digit of w?
5
Suppose -13*f + 11868 = -1990. What is the units digit of f?
6
Let x = 41 + -41. What is the units digit of ((x - 4) + 5)*2*25?
0
Let x = -2239 - -3290. What is the units digit of x?
1
Suppose -3*u = -u - 32. Let i = u - 11. What is the units digit of 267/15 + 1/i?
8
Let h = -12 - -17. Let v(f) = -f**3 + 4*f**2 + 8*f - 6. Let m be v(5). Suppose 0 = -3*d + q - 1 + 12, 0 = h*d - 4*q - m. What is the units digit of d?
5
Let v = -101 + 1881. What is the thousands digit of v?
1
What is the tens digit of ((920/3)/(-4))/(11/(-198))?
8
Suppose -6*b + b = 0. Suppose b = -4*a + 5*a - 66. Suppose 0*z - z - a = -5*n, -3*n + 38 = -z. What is the units digit of n?
4
Let v = -10 + -11. Let p = 310 + -282. Let d = v + p. What is the units digit of d?
7
Let m be (1 - -1)*(-15)/2. What is the hundreds digit of ((-42)/m - 2)/((-1)/(-155))?
1
Let a = 4 - 2. Let j be 612 - (-2)/a*-2. What is the tens digit of 4/(-10) - j/(-25)?
2
Suppose m - 2*a + 6*a = 206, 0 = -m + 4*a + 222. Let l = m + -132. What is the tens digit of l?
8
Let m(t) = -t - 16. Let r be m(-12). What is the tens digit of (-10 + r)*30/(-4)?
0
Let g(k) = k**2 - k + 11. Let j be g(8). Suppose -2*c - 3*n + 43 = -j, 178 = 3*c - 2*n. What is the units digit of c?
8
Suppose 0 = -4*a - 4*a. What is the hundreds digit of a + 3 + -1 + 205?
2
Let j(b) be the second derivative of 0*b**3 + 1/12*b**4 - 1/2*b**2 + 0 - 2*b. What is the tens digit of j(4)?
1
Let t(x) = -2*x**3 - 4*x**2 - 2*x + 3. Suppose -v - 62 - 48 = -3*p, -2*v = -3*p + 112. Let q = -40 + p. What is the tens digit of t(q)?
7
Let y = 64 + -40. Suppose -19*z + y*z - 145 = 0. What is the tens digit of z?
2
Suppose 2*i - 4*r - 5254 = 0, 2*i - 3*r - 784 = 4470. What is the thousands digit of i?
2
Let i = 61 + -98. Let p = 85 + i. Suppose -3*y + 51 = -p. What is the units digit of y?
3
Let u be ((-1)/5)/(2/(-10)). Let z(c) = 17*c**2 + c. Let w be z(u). Suppose -4*t = -82 + w. What is the tens digit of t?
1
Suppose 0 = -f + 2*u + 1, 2*u + u = 6. Suppose 0*h - 5*h = f*r + 5, 0 = -5*h - 2*r - 5. What is the units digit of (0/h - -3) + -1?
2
Suppose 0 = -4*y + 4*o - 3*o + 16, 0 = -4*o + 16. Suppose 0 = 2*t + y*s + 1, -4 = 5*t - 3*s - 17. What is the units digit of 0 + 3/6*t?
1
Suppose 26*p - 59589 - 17111 = 0. What is the thousands digit of p?
2
Suppose 14*w - 290 + 850 = 0. Let c = 181 + w. What is the hundreds digit of c?
1
Let c = 1593 - 874. What is the hundreds digit of c?
7
Let j be (-2)/(3/(-9) + (-2)/12). Let q be 18/4 - 1/2. Suppose 3*f - 91 = -q*a, -j*f - 51 = -3*a + 11. What is the tens digit of a?
2
Let n = -124 + 130. What is the hundreds digit of (-6)/4*(-844)/n?
2
Let f be 3/15 - 98/(-10). What is the units digit of 5/(-25) - (-162)/f?
6
Suppose j - 2*i = -4*j + 28, 0 = -2*j - 2*i. Suppose l + j*l = 15. Suppose -5 = 2*u - l*u + 3*w, -5*u + w = -81. What is the tens digit of u?
1
Suppose -4*c = -4*o + 5648, -8*c - 8 = -4*c. What is the units digit of o?
0
Let x be 17/(-34) - (-466)/(-4). Let n = 36 - x. What is the tens digit of n?
5
Suppose -3*q + 24*q - 252 = 0. What is the units digit of q?
2
Suppose -3 = -2*m + 3. Suppose -2*k - 11 = -q, -4*q - 4 + 16 = 0. What is the units digit of (-1 - m)/(2/k)?
8
Suppose -2*o = -4*o + 660. Suppose o = 3*k + v, 0*v - 6 = -2*v. What is the tens digit of k?
0
Let p be (-12)/(-54) - 526/18. Let z = -2 - p. What is the tens digit of z?
2
Let b be 7/((-954)/240 + 4). Let r = b - 132. What is the tens digit of r?
4
Let q be (7 + 71)*7/2. Suppose q = 6*p - 69. What is the tens digit of p?
5
Suppose 0*k = k - 46. Suppose -t + k = -0*t. Suppose -2*d + 0 = -t. What is the units digit of d?
3
Suppose -2*i + 14 = -0*p + 2*p, 0 = -i - 2*p + 4. Suppose 2*d = -2*d - 2*w - 10, i = -2*w. Suppose d = -2*m + 7*m - 50. What is the tens digit of m?
1
Suppose -l + v = -888, -12*l = -14*l + v + 1779. What is the units digit of l?
1
What is the tens digit of (-3 + 0)*(-3840)/36 + 4?
2
What is the hundreds digit of 534/(-1)*(-160)/120?
7
Let h(f) = -4*f - 22. Let g = -12 - -19. Suppose -o + 54 = -g*o. What is the tens digit of h(o)?
1
Suppose -3*z - 4*g + 29 - 11 = 0, 3*z + g - 18 = 0. Suppose -z*w - 4*w = -330. What is the units digit of w?
3
Suppose 26013 = 40*z - 11*z. What is the tens digit of z?
9
Let t = -52 + 41. What is the tens digit of (-189)/t + (-8)/44?
1
What is the tens digit of ((-132)/(-15))/((-45702)/5715 - -8)?
9
Suppose 36 - 1968 = -7*v. What is the tens digit of v?
7
Suppose -5*k + 4*c = -72, -3*k - 3*c + 64 - 10 = 0. Suppose a = 5*d + 4, 3*a - d = 10 + k. Suppose -a - 4 = -x. What is the units digit of x?
3
Suppose -3*a = -j + 122, 0*a - 146 = 4*a + 2*j. What is the tens digit of -2 + 1 + 0 - (a + 2)?
3
Let r(k) = 4 + k**2 + 0*k**2 - 21 + 12. Let s be (-2)/6 + 11/(-3). What is the units digit of r(s)?
1
Let m = 9 - -289. What is the tens digit of m?
9
Suppose 0 = 2*m - 0*m - 28. Let n(d) = -d + 18. Let k be n(m). Let g = 13 - k. What is the units digit of g?
9
What is the tens digit of (69/4)/((-16)/(-1088))?
7
Let n(y) = 76*y + 362. What is the thousands digit of n(10)?
1
Let n be (8/(-6))/((-1)/(30/4)). Let t = n - -30. What is the tens digit of t?
4
Let z be (0 - -2) + (-1)/4*0. Suppose -388 = -4*d + 4*a, z*d + 48 - 267 = -3*a. What is the tens digit of d?
0
Let n = 1 + 14. Suppose -4 = -x + n. What is the tens digit of x?
1
Let a be -16*(1 - (-58)/(-8)). Suppose a 